286542993?
True
Is 40 a factor of 67378763?
False
Does 13 divide 147207139?
False
Is 12158769 a multiple of 518?
False
Does 1323 divide 59982174?
True
Is 16 a factor of 1209115344?
True
Does 16 divide 30491464?
False
Does 214 divide 142204498?
True
Is 42 a factor of 19015340?
False
Does 26 divide 2104358516?
True
Does 1001 divide 103087227?
False
Is 7303 a factor of 614321057?
True
Does 2263 divide 271928869?
True
Does 1077 divide 563271?
True
Does 10 divide 37867837?
False
Is 53 a factor of 2329696811?
False
Does 289 divide 9013036?
False
Is 556 a factor of 4414084?
True
Is 2985274241 a multiple of 11863?
False
Does 139 divide 395894935?
True
Is 151 a factor of 220128831?
False
Is 3527 a factor of 15288694?
False
Is 2800 a factor of 983260098?
False
Is 50 a factor of 200851635?
False
Is 279382742 a multiple of 20?
False
Does 26 divide 24855116?
True
Is 20 a factor of 168739284?
False
Is 421116256 a multiple of 4976?
False
Is 8 a factor of 364390756?
False
Is 31110513 a multiple of 483?
True
Is 614144760 a multiple of 571?
True
Does 1888 divide 27721504?
True
Is 83 a factor of 149871754?
False
Is 135951975 a multiple of 75?
True
Is 38 a factor of 38250686?
True
Does 32 divide 64356064?
True
Is 1039089924 a multiple of 11856?
False
Is 90 a factor of 373165380?
True
Is 943 a factor of 1127842943?
False
Does 130 divide 964484560?
True
Is 684628 a multiple of 196?
True
Is 9627447 a multiple of 444?
False
Is 2705174 a multiple of 109?
False
Does 1235 divide 57001425?
True
Is 2967 a factor of 2761581330?
False
Does 129 divide 22456504?
False
Is 418846557 a multiple of 10?
False
Is 9243571 a multiple of 162?
False
Is 24 a factor of 317390726?
False
Is 9 a factor of 37185903?
True
Does 133 divide 35104707?
False
Is 25 a factor of 44459005?
False
Is 260220411 a multiple of 187?
True
Is 136352253 a multiple of 714?
False
Is 4444 a factor of 511922136?
True
Is 3993734058 a multiple of 853?
True
Does 1522 divide 761277004?
True
Is 264985560 a multiple of 20?
True
Is 762 a factor of 8165828?
False
Is 367178420 a multiple of 1115?
True
Is 1085 a factor of 626494998?
False
Does 9 divide 20533662?
True
Is 182 a factor of 759846439?
False
Does 253 divide 5125274?
True
Is 27 a factor of 10691128?
False
Is 947 a factor of 18912635?
False
Does 654 divide 62653200?
True
Does 5208 divide 424608240?
True
Is 36060336 a multiple of 432?
True
Is 8777250 a multiple of 50?
True
Does 60 divide 240815160?
True
Is 47 a factor of 2400892?
False
Is 275910264 a multiple of 168?
True
Does 15 divide 26453038?
False
Is 22 a factor of 723607459?
False
Does 233 divide 39927812?
True
Is 459 a factor of 1920341250?
True
Is 246 a factor of 43459836?
True
Is 40730737 a multiple of 430?
False
Does 3433 divide 77211603?
True
Is 7779885411 a multiple of 28?
False
Is 217568977 a multiple of 61?
False
Is 35387540 a multiple of 10?
True
Does 102 divide 79968306?
True
Is 17 a factor of 4171664629?
True
Is 25885070 a multiple of 73?
True
Does 5 divide 255446950?
True
Is 2381 a factor of 5881141430?
True
Does 451 divide 369846158?
True
Is 319876962 a multiple of 76?
False
Is 7997192 a multiple of 56?
True
Is 73413694 a multiple of 1294?
False
Does 779 divide 221306327?
False
Does 11 divide 7971307817?
True
Is 410 a factor of 223794810?
True
Is 1881 a factor of 4941286762?
False
Does 3981 divide 170526739?
False
Is 96312480 a multiple of 544?
True
Is 160 a factor of 17717333?
False
Is 5 a factor of 44948146?
False
Is 710705712 a multiple of 974?
False
Is 34 a factor of 120487432?
True
Does 26 divide 1443961340?
False
Does 2390 divide 131095644?
False
Is 24197580 a multiple of 330?
True
Is 88920640 a multiple of 32?
True
Is 5683523688 a multiple of 53?
True
Is 18 a factor of 475527690?
True
Is 14 a factor of 108460519?
False
Does 4237 divide 957070508?
True
Does 300 divide 42804752?
False
Does 39 divide 791727924?
True
Does 87 divide 14173170?
True
Does 154 divide 13628483?
False
Is 506064691 a multiple of 2087?
False
Is 1619 a factor of 92617801?
False
Is 57 a factor of 588342543?
True
Is 214032204 a multiple of 219?
True
Is 223225584 a multiple of 29?
False
Is 41841490 a multiple of 757?
False
Is 79250872 a multiple of 3?
False
Is 57 a factor of 1448394?
False
Is 101754250 a multiple of 125?
True
Is 9 a factor of 287711356?
False
Is 50516298 a multiple of 434?
True
Does 23 divide 119761927?
False
Is 5035058 a multiple of 115?
False
Is 33259590 a multiple of 93?
True
Is 10726909 a multiple of 43?
True
Is 46705968 a multiple of 376?
True
Does 27 divide 164794797?
True
Is 274351062 a multiple of 3?
True
Is 65516784 a multiple of 2?
True
Is 7 a factor of 397342119?
False
Does 17 divide 54290114?
False
Is 104 a factor of 508110585?
False
Does 15 divide 1523574567?
False
Is 21 a factor of 42981264?
False
Is 1883 a factor of 78199107?
True
Does 1671 divide 2839029?
True
Does 1364 divide 150012663?
False
Does 18 divide 5697738?
True
Does 3 divide 8509714?
False
Is 181045957 a multiple of 1000?
False
Does 31 divide 780712006?
False
Is 13 a factor of 86542900?
False
Does 90 divide 60438672?
False
Is 13133432 a multiple of 586?
True
Is 350202335 a multiple of 1049?
False
Does 91 divide 384603674?
True
Is 17915008 a multiple of 64?
True
Is 475 a factor of 339861690?
False
Does 114 divide 44111730?
True
Is 2323990108 a multiple of 13?
False
Does 7454 divide 159560318?
False
Is 276 a factor of 10825598?
False
Is 4 a factor of 15985279?
False
Is 290 a factor of 4959290?
True
Is 14 a factor of 39160889?
False
Is 36023253 a multiple of 1543?
False
Is 44494784 a multiple of 8?
True
Is 54665551 a multiple of 51?
False
Does 516 divide 45539068?
False
Is 93 a factor of 565788192?
True
Is 2840 a factor of 74070040?
True
Does 5 divide 20094100?
True
Is 122 a factor of 12292530?
False
Does 80 divide 54034290?
False
Does 1444 divide 40092660?
True
Is 116 a factor of 1039647653?
False
Is 268 a factor of 735142786?
False
Is 314014224 a multiple of 24?
True
Is 162758778 a multiple of 681?
False
Does 9184 divide 3334472571?
False
Is 1532981477 a multiple of 60?
False
Does 166 divide 9060612?
True
Does 41 divide 49680971?
True
Does 15983 divide 3616377512?
True
Is 51324764 a multiple of 94?
False
Does 46 divide 16843452?
True
Does 4 divide 100018941?
False
Is 5750605 a multiple of 257?
False
Is 2534 a factor of 84576734?
False
Is 173457420 a multiple of 20?
True
Is 791 a factor of 9954735?
True
Is 400604964 a multiple of 3606?
True
Is 1696105900 a multiple of 5403?
False
Is 1019122986 a multiple of 5714?
False
Is 1629611476 a multiple of 218?
True
Does 128 divide 216573056?
True
Is 200 a factor of 743817657?
False
Is 3849 a factor of 6038192481?
False
Is 115064221 a multiple of 10?
False
Is 42088023 a multiple of 3676?
False
Does 83 divide 198668053?
True
Is 119 a factor of 1272135069?
False
Does 3 divide 6788769?
True
Is 4611931236 a multiple of 3411?
True
Does 214 divide 10463958?
True
Is 272656508 a multiple of 11?
False
Is 4 a factor of 971111?
False
Does 2592 divide 216082080?
True
Is 262 a factor of 581792746?
True
Does 28 divide 23883832?
True
Does 28 divide 2756410316?
False
Does 20 divide 295851021?
False
Does 789 divide 133428494?
False
Is 1509633071 a multiple of 3341?
False
Is 12 a factor of 2748955572?
True
Is 1852 a factor of 237634385?
False
Is 44 a factor of 58671404?
True
Is 649 a factor of 52467756?
True
Does 114 divide 15126774?
True
Is 688 a factor of 1757868?
False
Does 8 divide 1793612474?
False
Is 614946029 a multiple of 9577?
False
Is 432629325 a multiple of 2865?
True
Is 40 a factor of 258661133?
False
Is 55 a factor of 97201951?
False
Is 4 a factor of 489644?
True
Is 91077800 a multiple of 4165?
False
Does 446 divide 3376220?
True
Is 777 a factor of 1551575237?
False
Is 867 a factor of 33346554?
True
Is 3308 a factor of 1185410692?
False
Is 315982832 a multiple of 92?
True
Is 181 a factor of 9401159?
False
Is 5053711 a multiple of 6?
False
Is 54 a factor of 9473924?
False
Is 115697352 a multiple of 996?
True
Is 16416066 a multiple of 69?
True
Is 2864952 a multiple of 12?
True
Is 2092884372 a multiple of 54?
True
Is 93 a factor of 72040032?
True
Is 3448895609 a multiple of 45?
False
Does 6 divide 126898098?
True
Does 97 divide 17381042?
True
Is 2265540 even?
True
Is 487 a factor of 117974115?
F